ed by 779?
526
Calculate the remainder when 4047182 is divided by 44.
18
Calculate the remainder when 971503 is divided by 3693.
244
What is the remainder when 111081 is divided by 2848?
9
Calculate the remainder when 136854611 is divided by 35.
26
Calculate the remainder when 595754 is divided by 70.
54
Calculate the remainder when 16626 is divided by 5474.
204
What is the remainder when 178696139 is divided by 30?
29
Calculate the remainder when 62009 is divided by 2.
1
What is the remainder when 127225 is divided by 256?
249
What is the remainder when 1464941 is divided by 732468?
5
What is the remainder when 10150423 is divided by 177?
4
Calculate the remainder when 137993999 is divided by 3270.
3269
What is the remainder when 2852757 is divided by 3729?
72
Calculate the remainder when 291231725 is divided by 8707.
8696
What is the remainder when 25851646 is divided by 25851643?
3
Calculate the remainder when 504370 is divided by 655.
20
What is the remainder when 975441 is divided by 1837?
1831
What is the remainder when 131287 is divided by 4084?
599
What is the remainder when 1331197 is divided by 1054?
1049
Calculate the remainder when 731308 is divided by 146257.
23
Calculate the remainder when 833446 is divided by 143.
42
What is the remainder when 433928074 is divided by 49?
48
What is the remainder when 2171314005 is divided by 12?
9
What is the remainder when 687298 is divided by 62468?
150
What is the remainder when 12489290 is divided by 4373?
2
What is the remainder when 217284717 is divided by 48?
45
What is the remainder when 485202 is divided by 10321?
115
Calculate the remainder when 1684697 is divided by 1700.
1697
Calculate the remainder when 5784859 is divided by 29.
26
What is the remainder when 168561 is divided by 49?
1
What is the remainder when 35413861 is divided by 3934?
3927
What is the remainder when 104482177 is divided by 55?
52
Calculate the remainder when 248433 is divided by 60.
33
What is the remainder when 1190515365 is divided by 28?
25
What is the remainder when 13212 is divided by 2504?
692
What is the remainder when 197856 is divided by 65497?
1365
What is the remainder when 1486161 is divided by 20083?
19
Calculate the remainder when 1633356 is divided by 1632903.
453
Calculate the remainder when 898668 is divided by 299205.
1053
Calculate the remainder when 54641 is divided by 191.
15
Calculate the remainder when 624784 is divided by 606.
604
Calculate the remainder when 690920 is divided by 9091.
4
What is the remainder when 13410 is divided by 2220?
90
What is the remainder when 1264742 is divided by 632366?
10
What is the remainder when 4313358 is divided by 6750?
108
Calculate the remainder when 627678 is divided by 1768.
38
What is the remainder when 14369 is divided by 2865?
44
What is the remainder when 12100913 is divided by 126?
125
Calculate the remainder when 332783222 is divided by 328.
326
Calculate the remainder when 33249275 is divided by 203.
108
Calculate the remainder when 193632 is divided by 96751.
130
What is the remainder when 66169 is divided by 5509?
61
What is the remainder when 19177548 is divided by 3524?
3464
What is the remainder when 917313 is divided by 3111?
2679
Calculate the remainder when 89295 is divided by 17839.
100
What is the remainder when 280865 is divided by 2670?
515
What is the remainder when 367267 is divided by 22935?
307
Calculate the remainder when 10748807 is divided by 51.
47
What is the remainder when 893941 is divided by 9716?
69
What is the remainder when 148663 is divided by 6692?
1439
Calculate the remainder when 550693 is divided by 2713.
2667
What is the remainder when 17659102 is divided by 1465?
1457
What is the remainder when 265826062 is divided by 48?
46
Calculate the remainder when 3841025 is divided by 28.
13
Calculate the remainder when 5377236 is divided by 2150.
86
What is the remainder when 83181819 is divided by 2814?
2793
What is the remainder when 2529453 is divided by 67?
2
What is the remainder when 388441 is divided by 32369?
13
Calculate the remainder when 13396301 is divided by 944.
941
What is the remainder when 2491373 is divided by 1596?
17
What is the remainder when 7371965 is divided by 4567?
827
What is the remainder when 469579 is divided by 2732?
2407
Calculate the remainder when 1999000 is divided by 210.
10
What is the remainder when 76215 is divided by 317?
135
What is the remainder when 225039 is divided by 7074?
5745
Calculate the remainder when 4556403 is divided by 101.
91
What is the remainder when 321957 is divided by 80485?
17
Calculate the remainder when 375269 is divided by 37348.
1789
What is the remainder when 664260 is divided by 6848?
4
What is the remainder when 2919023 is divided by 64867?
8
What is the remainder when 2267631 is divided by 566902?
23
Calculate the remainder when 63332 is divided by 4260.
3692
What is the remainder when 24936 is divided by 301?
254
What is the remainder when 7299197 is divided by 1216528?
29
Calculate the remainder when 97036 is divided by 27.
25
What is the remainder when 3155670 is divided by 14?
0
What is the remainder when 36695778 is divided by 30302?
56
Calculate the remainder when 460632 is divided by 46057.
62
What is the remainder when 16351742 is divided by 111?
110
Calculate the remainder when 15169 is divided by 13239.
1930
What is the remainder when 93310 is divided by 1538?
1030
Calculate the remainder when 2807619 is divided by 149.
12
What is the remainder when 37741139 is divided by 54?
53
Calculate the remainder when 758963 is divided by 252986.
5
Calculate the remainder when 209277 is divided by 52312.
29
What is the remainder when 69183 is divided by 12119?
8588
What is the remainder when 713674 is divided by 89207?
18
Calculate the remainder when 134316 is divided by 454.
386
What is the remainder when 40707 is divided by 13386?
549
What is the remainder when 26094430 is divided by 6523599?
34
What is the remainder when 4424694 is divided by 3010?
3004
Calculate the remainder when 11036927 is divided by 8609.
189
What is the remainder when 1592271 is divided by 12343?
24
What is the remainder when 1981971 is divided by 1713?
30
Calculate the remainder when 348537 is divided by 31.
4
What is the remainder when 644887 is divided by 15353?
61
Calculate the remainder when 4530730 is divided by 40.
10
What is the remainder when 27575 is divided by 897?
665
What is the remainder when 12962946 is divided by 193476?
54
Calculate the remainder when 2080801 is divided by 104037.
61
Calculate the remainder when 5194945 is divided by 988.
41
Calculate the remainder when 42091 is divided by 489.
37
What is the remainder when 956773 is divided by 1514?
1439
Calculate the remainder when 5409640 is divided by 15.
10
Calculate the remainder when 50026 is divided by 2385.
2326
What is the remainder when 1827340 is divided by 726?
724
What is the remainder when 1960561 is divided by 980278?
5
What is the remainder when 105228 is divided by 1645?
1593
What is the remainder when 1800699 is divided by 900000?
699
What is the remainder when 1290341 is divided by 876?
869
Calculate the remainder when 39172845 is divided by 88.
85
What is the remainder when 53089 is divided by 114?
79
Calculate the remainder when 56356 is divided by 1685.
751
What is the remainder when 22689557 is divided by 40?
37
What is the remainder when 69779907 is divided by 34889948?
11
Calculate the remainder when 7134638 is divided by 261.
203
Calculate the remainder when 29267992 is divided by 184075.
67
What is the remainder when 124259578 is divided by 60?
58
What is the remainder when 11076793 is divided by 3680?
3673
Calculate the remainder when 267139184 is divided by 89046394.
2
Calculate the remainder when 196092456 is divided by 6325563.
3
Calculate the remainder when 463532 is divided by 226.
6
Calculate the remainder when 339985 is divided by 35.
30
Calculate the remainder when 259586 is divided by 5556.
4010
What is the remainder when 10778479 is divided by 80?
79
Calculate the remainder when 155491 is divided by 5834.
3807
Calculate the remainder when 30388732 is divided by 13.
10
What is the remainder when 30803 is divided by 28842?
1961
What is the remainder when 580761 is d